t common factor of s and 10578?
86
Let s(n) = 73*n - 18. Let v be (-11)/(44/(-24))*3/9. Let t be s(v). Let z(m) = -32*m. Let k be z(-1). Calculate the greatest common divisor of t and k.
32
Let s be (-118 + -69)/(1*(-1)/1). What is the highest common divisor of s and 697?
17
Suppose -388 = -4*k + g, -4*k - k + 2*g = -482. Suppose -1373 + k = -17*r. What is the greatest common factor of r and 25?
25
Suppose -10*i - 90 = -370. Let j(v) = v + 175. Let u be j(0). Suppose -3*w - 2*w = -u. What is the greatest common factor of w and i?
7
Suppose 2*h = 7*h - 15. Suppose h*b - 356 + 134 = 0. What is the highest common factor of 74 and b?
74
Let u be 2/((-64)/463056*(-3)/2). Calculate the highest common divisor of u and 33.
11
Let m be (-2)/15 - 7456/(-3495). What is the greatest common divisor of 46 and m?
2
Let w = -25 - -229. Calculate the highest common divisor of 493 and w.
17
Suppose -5*f - 12 = -262. Suppose 0 = 24*u - 20*u - 100. What is the highest common factor of u and f?
25
Let k(u) = -u**3 - 14*u**2 - 2*u + 9. Let j be k(-16). Suppose 17*p - 1147 = j. Let g = p + -99. Calculate the highest common divisor of g and 17.
1
Suppose 127*z = 77*z + 3600. What is the greatest common divisor of z and 1278?
18
Let a be (2/4 + -1)/((-2)/8). Suppose 0 = a*s - w - 417, 9*w - 12*w = 4*s - 849. Calculate the greatest common factor of s and 490.
70
Let u = 553 + -871. Let b = u + 96. Let k be b/(-24) - 3*1/12. What is the greatest common factor of k and 9?
9
Suppose 0 = -h + 7 + 13. Suppose -k + 2*i = 308, k - 11*i + 6*i = -308. Let v = 316 + k. Calculate the greatest common divisor of v and h.
4
Let b(f) = 71*f - 527. Let y be b(13). What is the highest common factor of 22 and y?
22
Let c be (-5935)/(-15) - -22*(-2)/12. Calculate the highest common factor of c and 2009.
49
Suppose 1556 - 1088 = 9*y. What is the greatest common factor of y and 208?
52
Let r = -38 - -41. Suppose -b = 4*x + 19 - r, -4*b + 20 = -5*x. Suppose -l + 2 + 1 = b. What is the greatest common divisor of l and 24?
3
Let a(p) = 69*p**2 + 214*p + 2782. Let w be a(-13). What is the greatest common divisor of 138 and w?
69
Suppose 0 = -5*q - 5*m + 180, -3*q + 3*m + 126 = -0*m. Let c(d) = 2*d + 2*d**2 - q - 34 + 68. Let i be c(4). Calculate the highest common factor of 7 and i.
7
Suppose -80 = -8*d - 2*d. Let w be 23 - 27 - (-12 - -4). What is the highest common factor of d and w?
4
Let g be -1*(-45)/27*213 + -3. What is the greatest common factor of g and 3344?
176
Let a = -2731 - -3163. What is the highest common divisor of a and 1836?
108
Suppose -67*b - 1677 = -2082 - 5223. What is the highest common factor of b and 1876?
28
Suppose 40*q = 5*x + 44*q - 10740, -5*x + 10740 = q. Calculate the highest common divisor of 12 and x.
12
Let o be 95/(-380) - 21/(-4). Suppose 3*h + o*q - 2287 = 0, 0 = -4*h - 9*q + 12*q + 3001. What is the greatest common divisor of 58 and h?
58
Let l(i) = 10*i + 7. Let q be l(2). Let u(o) = o. Let x(y) = -y**2 + 3. Let v(w) = -u(w) - x(w). Let h be v(3). Calculate the highest common factor of q and h.
3
Let m be ((-228)/(-10))/(210/23800). Let i = m - 1418. What is the greatest common factor of 22 and i?
22
Let v = 263 + -165. Suppose -410 = -3*y - v. What is the greatest common factor of y and 130?
26
Let v = 41454 - 41385. Let j(u) be the second derivative of 11*u**4/6 - u**3/6 - u. Let o be j(-1). What is the greatest common factor of v and o?
23
Let i = -9719 - -13079. What is the highest common divisor of i and 105?
105
Suppose -19*x = -24*x. Suppose 2*f - 2*m - 416 = 0, -f - 3*m = -x*f - 196. Calculate the greatest common factor of 41 and f.
41
Let o(r) = -21*r + 131. Let s be o(6). Suppose -3*v - s*b + 158 = 0, 2*b - 20 = -18. Calculate the greatest common divisor of 459 and v.
51
Suppose 42*q + 42*q - 15288 = 0. Calculate the highest common factor of q and 210.
14
Let n = -22433 + 22447. Calculate the highest common divisor of 7945 and n.
7
Suppose 39*i - 789 - 71 = 154. Let v be (0 - 2/2) + 0. Let c(l) = l**2 - l. Let m be c(v). What is the highest common factor of i and m?
2
Let l = -6974 + 7136. What is the highest common factor of l and 9963?
81
Suppose -x - 15 = -5*a, 86 - 66 = 4*a. What is the greatest common divisor of x and 6610?
10
Suppose -6*w - 3*x = -4*w + 304, 0 = 3*x. Let u = -80 - w. What is the greatest common divisor of 16 and u?
8
Let x be 37850/175 - (-4)/(-14). What is the highest common factor of 1368 and x?
72
Let l be (-4)/((-42)/28 + 1). Let v = -635 - -1107. Calculate the greatest common divisor of v and l.
8
Let t = 639 + 1441. What is the highest common factor of t and 48?
16
Suppose a - 3*z - 251 = 2*z, -4*z - 496 = -2*a. Let c = -219463 + 219469. What is the highest common divisor of c and a?
6
Let r = 821 - 751. Suppose -r*o - 42 = -91*o. Suppose -8 = -3*s - s. Calculate the highest common divisor of s and o.
2
Suppose -20 = -4*h - 0*p + p, -5*p = 20. Suppose -h*w = -5*w + 68. Suppose -13*u - 17 = -14*u. What is the highest common factor of w and u?
17
Suppose -280 - 72 = -11*h. Suppose 3*m = 4*k + 22, 0 = -3*k - k - 16. Let a be m + 4/10 + 84/15. What is the greatest common divisor of h and a?
8
Let r(f) = 874*f**3 - 3*f**2 - f + 1. Let y be r(1). Let g = 875 - y. Calculate the greatest common factor of g and 52.
4
Suppose 8*k + 748 = 3468. Calculate the highest common divisor of 100 and k.
20
Suppose -12*l + 9*l = -2*m + 22431, -3*l = 5*m - 56109. Calculate the greatest common divisor of 60 and m.
60
Let o = -54 - -56. Suppose 2 - o = -4*y. Suppose -3*i + 11 + 106 = y. What is the greatest common divisor of 312 and i?
39
Suppose 101*g = 85*g + 88400. Calculate the highest common factor of 390 and g.
65
Let k be (-10)/(-2) + 0 - -2. Suppose -k*d + 512 - 57 = 0. Calculate the greatest common divisor of 5 and d.
5
Let j be 2/(18/(-80) + (-545)/(-872)). What is the highest common divisor of j and 10655?
5
Suppose 57 = d + 2*d. Suppose -d*a + 138 + 90 = 0. What is the greatest common factor of 108 and a?
12
Let i be 37/(-3 + 3 + 1). Suppose 4*t = -12, 5*k - 2*k - 3 = -3*t. Suppose k*h + 38 = -o + 318, -2*h = 8. What is the highest common divisor of o and i?
37
Suppose -75 = -5*j - 3*c, 0 = 5*j - 8*c + 3*c - 75. What is the highest common factor of j and 1165?
5
Let y(b) = 9*b + 0*b + 3*b - 7*b + 27. Let w be y(-7). Let a be (19/(-4) - 0)/(2/w). Calculate the greatest common divisor of 19 and a.
19
Suppose 34 = -0*q + 2*q. Let i(u) = -8 + 22*u**2 - 7*u**3 + 6*u**3 - 16*u - 4*u**2. Let n be i(q). Calculate the greatest common divisor of n and 99.
9
Let d = -3247 + 7029. What is the highest common divisor of 124 and d?
62
Suppose 0 = -5*q + 200 - 925. Let b be (-2)/18 - q/9. Suppose -3 + 9 = 3*h. Calculate the greatest common factor of h and b.
2
Suppose 4*f - j = -2198, -2*f - 633 = j + 469. Let t be (-5 + 11 + -7)/(2/f). What is the greatest common divisor of t and 22?
11
Suppose 4*k - 377 = -j, j = 2*k - 55 - 138. What is the greatest common factor of k and 4427?
19
Let m = 7454 + -7438. What is the highest common factor of 824 and m?
8
Let f(j) = 2*j**2 - 35*j + 188. Let u(o) = o**3 - 2*o**2 - 14*o + 32. Let b be u(4). Let q be f(b). What is the highest common factor of 204 and q?
12
Let s = 346 - 346. Suppose z = -4*z - 5, 2*c - z - 571 = s. Calculate the highest common divisor of c and 30.
15
Suppose 0 = 4*c - 3*w - 15373, 7692 = 2*c - 35*w + 39*w. Suppose -9*d - 4795 = -14*d - 5*p, -4*d - 2*p = -c. Calculate the highest common divisor of 9 and d.
9
Suppose -4*y + 8 = 0, 3*h - 167*y - 24907 = -163*y. Calculate the greatest common divisor of h and 55.
55
Let z(w) = 4*w**3 + 2*w**2 - 2*w + 3. Let p be z(2). Let l = 146440 - 146167. Calculate the greatest common factor of l and p.
39
Let f be (-4)/((15 - (-18 + 32)) + 22/(-18)). What is the highest common factor of 6378 and f?
6
Suppose 72*j - 36207 - 160137 = 0. What is the highest common divisor of 243 and j?
27
Let p = 3322 + -1688. Calculate the highest common divisor of 114 and p.
38
Let c be (-42)/(0 - (-2)/(-4)). Suppose -22*k + 153 = -111. Calculate the highest common factor of k and c.
12
Let m be 120*2698/741*13. Calculate the highest common divisor of 24 and m.
8
Suppose 0 = f + 5*h - 8*h - 449, 3*f = 4*h + 1357. What is the highest common divisor of f and 2660